 -5*n + 2*b + 384 = 0, -3*n = -5*b - 177 - 42. Suppose -4*f + 998 = n. What are the prime factors of f?
2, 5, 23
Suppose -3*a - 645 = 2*a. Suppose -8*j + 407 - 2551 = 0. Let t = a - j. What are the prime factors of t?
139
Let s = 51 - 45. Suppose s*p = 12*p - 7854. What are the prime factors of p?
7, 11, 17
Let v = -4 - -2. List the prime factors of v*3*(-1582)/21.
2, 113
Suppose -1112162 - 2303399 = -97*h - 235513. What are the prime factors of h?
2, 3, 683
Let l(k) = 12281*k - 67. Let m be l(9). List the prime factors of m/132 + 1/6.
3, 31
Suppose -9*q = -10*q + 205. Suppose 4*n = f + n + 119, -5*n = 2*f + q. Let i = f - -214. What are the prime factors of i?
2, 13
Let h(u) = 7*u**2 + 9*u - 7. Let v be h(5). Suppose -v*l + 210*l = 0. Suppose l = 2*n - 4*w - 22, -n + 2*n - 11 = 5*w. List the prime factors of n.
11
List the prime factors of (-1 + 4 + -8 + 0)*97304/(-20).
2, 12163
Suppose -5995 = -40*t + 43525. What are the prime factors of t?
2, 619
Suppose 0 = -b - 2, 5*s - 428 = 4*b. List the prime factors of (-4 - s/(-20))*4535.
907
Let u(l) = l**2 + 15*l - 276. Let y be u(-38). Suppose -2*k - 2*m = -y, -5*k - 3*m + 1501 = -4*m. What are the prime factors of k?
2, 3, 5
Let c(t) = -3*t**2 - 14*t - 5. Let h be c(-4). Let g(o) = 5*o - 3*o**h + 4*o**3 - 5 - 6*o**2 - o**2. What are the prime factors of g(7)?
2, 3, 5
Let t(h) = -h**3 - 7*h**2 + 15*h - 28. Let w be t(-12). Let g = 919 - w. What are the prime factors of g?
11, 37
Let i = 2180 + -1117. Let y = -708 + i. What are the prime factors of y?
5, 71
Let x(u) = u**3 + 9*u**2 + 9*u + 12. Let d be x(-8). Suppose -d*s + 12 = 0, -24*h + 20*h + 693 = 3*s. What are the prime factors of h?
3, 19
Let v = -14368 - -23263. What are the prime factors of v?
3, 5, 593
List the prime factors of (-3 + 1)*(-5)/(-10)*(-1 + -2101).
2, 1051
Suppose 0 = 2*v + 2*w + w - 3, 5*w + 20 = 5*v. Let h(j) = 11*j**v - 33*j**3 + 12*j**3 + 11*j**3 - j + 16 + 8*j**2. What are the prime factors of h(-8)?
2, 3
Let v = 3 - -33. Suppose u = -2*k - 12 - 6, -2*k + 3*u = 26. Let l = v - k. What are the prime factors of l?
2, 23
Let d = -1255 + 513. Let s = d + 1270. List the prime factors of s.
2, 3, 11
Let w(n) be the second derivative of n**5/20 - 5*n**4/6 - 13*n**3/3 + 23*n**2/2 - 135*n - 1. List the prime factors of w(16).
3, 127
What are the prime factors of 40582/4 - 0 - (-46)/92?
2, 3, 19, 89
Let i(l) = -l**2 + 15*l + 2. Let z = 98 + -89. List the prime factors of i(z).
2, 7
Let p = 190 + -185. Suppose p*w - 97 = 2*d + 327, -5*d = w - 101. List the prime factors of w.
2, 43
Let v(k) = -48*k + 35. Let t be v(13). Let u = t + 1326. Suppose 0 = i + d - 147, 5*i + 0*d = -3*d + u. List the prime factors of i.
2, 37
Let i(l) = -l + 33. Let z be 975/50*(0 + 8/6). List the prime factors of i(z).
7
Let p = 630 - 623. List the prime factors of (p/(-14))/((-9)/6)*558.
2, 3, 31
Let w(l) = 39*l**2 - 81*l + 135. What are the prime factors of w(12)?
3, 59
Suppose 558320 + 328510 = 35*s. List the prime factors of s.
2, 3, 41, 103
Let s = -444 + 449. Suppose 0*g + j - 367 = -3*g, -2*g = -5*j - 239. Suppose 358 + g = s*h. List the prime factors of h.
2, 3
Suppose 4*l = -c + 3923 + 128, 4*c - 5*l - 16309 = 0. What are the prime factors of c?
3, 23, 59
Suppose 0 = 3*t - 7*t - l + 22, -t = -5*l - 16. Suppose -3*g + u + 427 = t*u, g = u + 153. List the prime factors of g.
149
Let x = 108 - 63. Let j = x - -16. Suppose 0 = -4*r + j - 25. List the prime factors of r.
3
Suppose 0 = 23*t - 42447 - 16939. What are the prime factors of t?
2, 1291
Suppose 52*k - 53*k + 13084 = 4*p, -k - p + 13072 = 0. What are the prime factors of k?
2, 3, 11
Suppose -27*g + 6*g = -9*g - 374928. What are the prime factors of g?
2, 73, 107
Suppose 2*o = -g + 2998 + 4721, 2*g + 3*o - 15445 = 0. What are the prime factors of g?
11, 19, 37
List the prime factors of ((-175638)/(-9))/(68/85) - (-5)/(-30).
2, 12197
Suppose -3*i = -4*n + 3249, -47*i + 45*i - 816 = -n. What are the prime factors of n?
2, 3, 5
Suppose 5*i + 15 = 5*d, -d = 3*i - 2*d + 3. Let m(s) = -s**3 - 3*s**2 - 8*s + 747. What are the prime factors of m(i)?
3, 83
Let h(d) = d**3 - 2*d**2 - 13*d + 1. Let m be h(5). Let g(x) be the second derivative of 17*x**3/6 - 32*x**2 - x. What are the prime factors of g(m)?
3, 41
Let c(l) = -2*l**2 - 15*l - 12. Let f(y) = -2*y**2 - 13*y. Let p be f(-7). Let z be c(p). What are the prime factors of (z + 1 + 6)*34?
2, 17
Let k = 3693 - 1226. List the prime factors of k.
2467
Suppose 0 = r + 5, 4*h + 8*r + 2024 = 4*r. Let s(z) = -2*z + 4. Let o be s(6). List the prime factors of h/o - (-6)/16.
3, 7
Let z(j) = 2*j**2 - 6. Let k be -2*(0 + (2 - 1)). Let d be z(k). List the prime factors of (-2)/(-1)*d/(-4)*-79.
79
Let f = 12827 + -5644. What are the prime factors of f?
11, 653
Let h(s) = -s**2 + 2*s + 11. Let k be h(-5). Let v be (129/9 - 2)/((-8)/k). Suppose v*q = 35*q + 58. List the prime factors of q.
29
Let w(a) = -2*a**2 - 3*a + 2. Let u be w(-2). Let c = u + -16. What are the prime factors of 920/14 + c/(-56)?
2, 3, 11
Suppose 33*v + 126458 = 44*v - 27256. List the prime factors of v.
2, 3, 17, 137
Suppose 4*l - 23 - 9 = 0. Suppose 24*w - 20*w = -l. What are the prime factors of 2/(-6)*w + (-410)/(-15)?
2, 7
Let t be 8/(-36) - 1/(18/4514). Let g = 257 + t. What are the prime factors of g?
2, 3
Suppose 583 - 2239 = -4*x. Suppose -3*k + x = 3. List the prime factors of -2 - -3 - k*-1.
2, 3, 23
Suppose -26*f + 240 = 4*f. Suppose -2087 = -5*c - 4*a, -6*a + 842 = 2*c - f*a. What are the prime factors of c?
419
Suppose -4*l - 3*r = -r + 906, 230 = -l - 4*r. What are the prime factors of (-9)/(9/l) + 2?
2, 3, 19
Let b = 150 + -87. Suppose -68*m + 1575 = -b*m. What are the prime factors of m?
3, 5, 7
List the prime factors of (1 - -7456) + 9 + -8 + -9.
3, 13, 191
Let t = 31609 + -14747. List the prime factors of t.
2, 8431
Suppose -2*b = 4*a - 64698 + 19882, a + 2*b = 11210. List the prime factors of a.
2, 3, 1867
Let l = 160 + -55. What are the prime factors of (30/l)/(1/4942)?
2, 353
Suppose -555 = 2*o - 39*o. What are the prime factors of ((-3)/o*-508)/(6/60)?
2, 127
Suppose 71*x - 32275 - 40429 = -0*x. List the prime factors of x.
2
Suppose 5*i = 5*z - 15, 2*i + 3 = 4*z + 7*i. Suppose -z*h + 1 + 479 = 0. List the prime factors of h.
2, 3, 5
List the prime factors of 1240/(-465)*(-41589)/3.
2, 4621
Let a(f) = 6*f - 132. Let t be a(22). Suppose k + 6*w - 11*w - 78 = t, 0 = 3*k - w - 262. List the prime factors of k.
2, 11
Suppose -13*i + 714 = -7*i. Let a be (6 - i/21)/((-1)/(-9)). Suppose 229 = u - 2*h, -257 = -2*u + a*h + 199. What are the prime factors of u?
3, 5
Suppose 5*h + 20 = h. Let u be ((-5)/h + 4)*(-1)/(-1). Suppose -p + 0*p = -5*d - 31, 2*d = -u*p + 74. List the prime factors of p.
2
Let k(o) = 36 - 8*o - 21 - 11. Let z be k(2). What are the prime factors of (34 + (1 - -1))*(-69)/z?
3, 23
Suppose -27396 = -2*o + m, -5*o = 4*m + 42594 - 111071. What are the prime factors of o?
13697
Let p = 28 + -26. Let h be (0 - (-2 - -3))*-1. List the prime factors of 4/((-15)/38 + h/p).
2, 19
Let k(r) = 191*r**3 + 92*r**2 - 33*r + 5. List the prime factors of k(6).
5, 71
Let d = -1668 + 15447. List the prime factors of d.
3, 1531
What are the prime factors of ((-336)/40 + 6)/(3/190)*-48?
2, 3, 19
Let z(d) = -d**3 + d**2 + 51. Let p be z(0). Let r = 2180 - 2130. What are the prime factors of (r/30)/(1/p)?
5, 17
Let s = 10236 - -51433. List the prime factors of s.
83, 743
List the prime factors of 1*3/6*(-51 + 29063).
2, 7253
Let t be (2*(-3)/4)/(1/(-142)). Suppose t = 9*j - 507. What are the prime factors of j?
2, 5
Let n(h) = h**3 + h**2 - 19 - 16*h**2 - 415*h + 394*h. List the prime factors of n(17).
2, 101
Let w(c) = 23*c**2 - 80*c + 1932. List the prime factors of w(54).
2, 3, 5, 7, 11
Let w = 324 + 12. Suppose 396 = 5*v - 3*m, -4*v - 4*m + 0*m + w = 0. What are the prime factors of v?
3
Let w be (-18)/54 + (-70)/6. Let r = 27 - w. Let n = 191 - r. List the prime factors of n.
2, 19
Let u = 93 - 32. Let d = u + 182. What are the prime factors of d?
3
Suppose 168*f = 183*f - 47160. List the prime factors of f.
2, 3, 131
Let r = 15273 - 1761. List the prime factors of r.
2, 3, 563
Let f(x) = x**3 - 13*x**2 + 7*x - 10. Suppose -4*w = l - 49, 2*w - 23 = l + 6. Let d be f(w).